- 0) + (-64 - -64))?
-8
What is the value of (6 - -1) + 48 + -57?
-2
Evaluate 0 + 2 - 6 - (-1 - 2).
-1
(-4 - 2) + 10 - (-1 + 4)
1
-1 - -2 - (1 - 0)
0
Evaluate (6 - 2) + (-10 - (-14 + 2)).
6
What is 3 + (1 - 2 - 2) + 1?
1
(-1 - -4) + 9 + -10 + 6
8
(-1 - (-1 - 2)) + -7
-5
Calculate 8 + (-3 - -5 - 6).
4
0 - (3 + -4 + 5) - -1
-3
Calculate -3 + (-2 - -4) - (1 - -2).
-4
Evaluate 14 + 10 + -20 - (-2 - 0).
6
What is 0 - 1 - (7 + -7)?
-1
What is the value of 0 - (-5 + 4 + 4)?
-3
Evaluate 13 + (-4 - 12) - (0 + 1).
-4
Evaluate -2 + 5 + 0 + 1.
4
What is the value of -7 - (-5 + 4) - (-1 + -3)?
-2
-1 + -3 + 9 + -4
1
What is the value of (2 - -4 - -1) + (-43 - -26)?
-10
Calculate -12 - (-9 + (-1 - 4 - -10)).
-8
What is (-2 - -1) + -4 + 5 + -4?
-4
5 - (-5 + (8 - 2))
4
(15 - (18 + -4)) + -8
-7
Calculate 1 + -9 + 4 + 0 + 0.
-4
(-6 + 7 - -5) + (0 - 3)
3
Evaluate 8 + (-5 - 1) + 18 + -15.
5
What is the value of 4 - (6 + -6 + 1) - 2?
1
Evaluate (-2 - (-6 - (-5 + -3))) + 2.
-2
What is -14 - -8 - (1 + -5) - 8?
-10
What is 6 - 4 - -4 - 6?
0
What is 27 - (3 - -7) - 8?
9
What is 39 + -35 + (2 + -5 - -1)?
2
Evaluate -1 + 4 + -5 + (0 - 0).
-2
(22 - 25) + 8 + -2
3
(8 - 0) + -1 - 3
4
What is the value of (2 - 5) + (19 - 13)?
3
Calculate 3 - (-4 - -8) - -4.
3
-4 - -9 - 2 - (0 + 5)
-2
What is the value of (-10 - -11) + (0 - 1) + -3?
-3
(-6 + -1 - -2) + 0 + 11
6
What is (-6 - -5) + 2 + 3?
4
What is 6 + -10 + -1 + 9?
4
-4 - (-2 + 0 - -3)
-5
Evaluate (-1 - (10 - 3)) + (5 - 1).
-4
Evaluate (2 - 3) + 17 + -13 + -7.
-4
Calculate (7 + -9 + 0 - 5) + 3.
-4
71 + -77 - (-1 + 0 + -1)
-4
Calculate (-3 + 6 - 2) + -2.
-1
What is the value of -3 + 1 - 0 - -10 - 3?
5
What is the value of -2 + 2 + -4 - -5?
1
What is -2 + 7 + -4 + 1 + -4?
-2
What is the value of 28 - 9 - (2 + 12)?
5
What is the value of 9 - ((-1 - -2) + -1 + 4)?
5
What is 5 - (1 + 4 + -5 + 0)?
5
Evaluate -4 + (0 - (2 + -6)).
0
Calculate -3 + -1 + -1 + 4 - -2.
1
0 + 1 + -1 + 3 + -4
-1
What is the value of (1 + -6 - -8) + 0?
3
7 + (-9 - (-7 - -11))
-6
Calculate 1 - (1 + -1) - (11 + -5).
-5
Evaluate 9 + -17 - -4 - 4.
-8
Evaluate -2 + 2 + (-1 - 1) + 0.
-2
Calculate 1 + 0 + 2 - (-1 + 0).
4
Evaluate -1 + (-2 + -1 - (-2 - 4)).
2
What is (-1 - 9 - -3) + (-6 - -8)?
-5
What is the value of 0 + 1 - (2 + 1 - 0)?
-2
-1 + -14 - (-7 - (18 - 17))
-7
(-3 + 3 - (-3 + 6)) + 5
2
Evaluate -51 - -55 - ((0 - 1) + 5).
0
Evaluate (-7 - 4) + 0 - -15.
4
-11 + (-3 - -6) + 8
0
What is the value of (-2 - 4 - -1) + 0 + 0?
-5
Evaluate 28 - 44 - (-6 + -3).
-7
What is the value of 5 + 4 + 5 + -13?
1
Calculate 3 - (5 + -2 + (-5 - -5)).
0
Evaluate (5 + -8 - 5) + 9.
1
Calculate 3 + (-13 + 11 - (-1 + 0)).
2
5 + (4 + -3 + 5 - 13)
-2
Calculate -1 - (11 + -20 + 3).
5
Calculate 3 - (4 + (-3 - 1)).
3
-2 - (-2 + -2) - (-1 - -2)
1
What is -11 - (2 + 0 - 5 - 0)?
-8
Calculate -13 + -9 + (-3 - -16).
-9
What is the value of -1 - -4 - (5 + -8 + 5)?
1
-1 - (-4 - -4 - 3)
2
Calculate 2 - -3 - (-29 + 39) - -3.
-2
2 - (1 - -1) - 3 - -3
0
What is the value of 1 + (-1 - (1 - 1)) - -3?
3
7 + (-8 - 0) + -3 + -2
-6
Evaluate (3 - 13) + 13 + -8 + 3.
-2
Evaluate -2 + (3 - 0) + (5 - 5).
1
What is the value of 3 + 3 + -4 + -2 + 2?
2
What is 19 + -21 + 2 + 8?
8
Calculate (0 - (2 + -9)) + -2 + -1.
4
Evaluate 4 - (3 - (1 - (1 + 0))).
1
5 - -2 - (2 + -5 + 4)
6
Calculate 1 - (-3 - (-13 - -5)).
-4
Evaluate -2 - 8 - (-6 - 3).
-1
What is (-3 - -2) + 3 + 1 + 0?
3
Calculate -8 + (0 - -4) + 7 + -1.
2
Evaluate -2 + 7 + (4 - 8).
1
Evaluate -7 - (1 - 4 - 0) - -7.
3
-9 + (9 - -1) + (0 - 3)
-2
What is (-4 + 1 - (22 - 24)) + 2?
1
What is the value of -2 + 1 + (21 - 12) + -1?
7
What is 6 + -8 - (3 + -2 + -3)?
0
Calculate 17 + -13 - (2 + 1).
1
Evaluate -1 + 0 + (-2 - 0).
-3
What is the value of 4 - (2 - (1 + (4 - 4)))?
3
Calculate -11 - (-1 + -2 - (-9 + 12)).
-5
(1 - 0) + 6 + -8 + 6
5
Evaluate (1 - 4) + -17 + 20.
0
Calculate -1 - (0 - -1) - (2 + 0).
-4
Evaluate (-1 + 0 - 2) + 10.
7
What is the value of (2 - 10) + 4 - -7?
3
-2 + -1 + (-7 - -12) - -3
5
-1 + 1 + (1 - 3)
-2
What is the value of 0 - ((-4 - -2) + 0 + 2)?
0
What is the value of 3 - 4 - (1 + -4)?
2
What is the value of -2 + 0 + (90 - 81)?
7
Evaluate -3 + 19 - (-6 + 15).
7
What is the value of 2 - (23 + -12 + -8)?
-1
-2 + -1 - (2 - (0 - -4))
-1
What is the value of (1 - 2) + (-1 - 2) - -8?
4
Evaluate (1 - -5) + -2 + -6 + 1.
-1
Evaluate (3 - (-1 - (4 + -6))) + 0.
2
-4 + 4 + 0 - -4
4
What is -5 - -2 - (-19 + 14)?
2
What is the value of -1 + 3 + -1 + 0?
1
Calculate -5 + (-2 - -3) + 3 + -2.
-3
What is the value of 9 - -5 - (5 - -5)?
4
((-1 - 1) + 1 - -1) + -3
-3
What is the value of (7 - 18) + 6 + 9?
4
-3 - -4 - (-5 - -1)
5
What is the value of (-8 - -15) + -19 - -8?
-4
Calculate (-1 + 3 - -3 - 2) + 1.
4
(-5 + 6 - -1) + -2 + -1
-1
-3 + 0 + (5 - 5)
-3
What is the value of (3 + -9 - -4) + 5?
3
(-3 - -3 - 13) + 14
1
-2 - (5 - (2 + -1 + 2))
-4
-11 + 4 - (0 + -2 + 0)
-5
What is -5 - ((-14 - -3) + 1)?
5
(6 - 8) + (4 + -3 - 1)
-2
-42 - -31 - (1 - 11)
-1
What is the value of 0 - (12 - 8 - (0 + 6))?
2
Evaluate -2 + (11 - 2) - (27 - 26).
6
Calculate 7 + (0 - 3) + -3 - -8.
9
Calculate (3 - 10) + 8 + -3.
-2
What is 0 + -7 - (114 + -116)?
-5
What is the value of 10 + -6 + 1 + 0 + -3?
2
Calculate -10 - (-3 - -1) - -3.
-5
Calculate 0 + -4 + -5 + 8.
-1
(2 - -1) + 111 + -113
1
Evaluate -5 + (-1 - -2) - -7.
3
3 + -6 + 1 + -1 + 6
3
(0 - -3) + -3 + (-2 - 0)
-2
What is the value of (-3 - 1) + -1 - -7 - -3?
5
Evaluate 1 - (4 - -4 - 4).
-3
What is -8 + (-2 - 6) + 5 + 2?
-9
What is the value of -3 + (-1 - -2) + (15 - 16)?
-3
What is (1 - 2) + (-5 + 9 - 5)?
-2
What is the value of (-10 - -5) + 1 + 4?
0
What is the value of 4 + (-1 - (-4 + (7 - 3)))?
3
What is (16 - 12) + (-1 - 7)?
-4
What is the value of 0 + 0 + -7 - (28 + -32)?
-3
Calculate 7 + -12 + -1 + 6 - 4.
-4
(2 - 2 - 1) + (21 - 22)
-2
Evaluate -3 + -5 - (-3 - 2 - -2).
-5
-7 + (-2 - (4 - 7)) + 1
-5
What is (24 - 23) + -3 + (-2 - -4)?
0
What is 5 - 11 - -5 - -6?
5
What is the value of 12 - (-3 + 16) - (0 - -6)?
-7
What is (9 - 11) + 1 + 1 + 0?
0
What is 9 - 2 - 4 - 4 - 4?
-5
Calculate -2 + 0 + (2 - (-7 + 4)).
3
Evaluate (-7 - (-8 - (-6 - 0))) + -2.
-7
(-7 - (-6 + 3)) + 2
-2
What is (14 - 11) + -3 + -1?
-1
-3 + (-2 - -4) + 2 + 0
1
What is the value of (0 - (5 - 0)) + -3 + 1?
-7
Calculate -2 + (7 - -6) + -6.
5
Evaluate (0 - -2) + 1 + 2.
5
Evaluate 2 - 1 - (-10 + 11).
0
Evaluate 1 + (-6 - 2) - -12.
5
What is the value of -15 - -12 - (-3 - (2 - 3))?
-1
What is 2 - (0 - -2) - -5 - 8?
-3
What is 11 + (-2 - 3) - 4?
2
What is the value of -19 - -25 - (4 - 2)?
4
What is 0 - (-1 - (1 + -7))?
-5
What is the value of 4 + -1 + (-8 - -2) - -6?
3
Evaluate 19 + (10 - 22) - 7.
0
What is (0 - 4 - 1) + -1?
-6
2 + 1 + -1 + 36 + -40
-2
What is (0 - 7) + 13 - 7?
-1
-6 - (21 + -24 - (7 - 0))
4
Evaluate 6 + (1 - (3 - (-2 - 2))).
0
What is the value of 14 + -18 + (1 - -3) + 0?
0
(2 - 16) + -1 + 4 + 5
-6
What is the value of -2 - (2 - (3 - (-3 - 0)))?
2
Evaluate -2 + -1 + -5 + 11.
3
What is 0 + 1 + 5 + -8?
-2
What is the value of 2 + -4 + (8 + -5 - 3)?
-2
What is the value of 4 - 0 - (0 + (-1 - 1))?
6
3 + -4 + (2 - -2)
3
Evaluate (-10 - 2 - 1 - -1) + 6.
-6
Evaluate (-3 - 0) + (3 - 2) - -4.
2
Calculate (-1 - 1) + (11 - 13) + 2.
-2
What is the value of 1 - (1 - 4 - 0) - 1?
3
Calculate (-2 - -1) + (16 - 16) - -2.
1
What is the value of -4 + 2 + 6 - 4?
0
What is 5 + (0 - 7 - 3)?
-5
Evaluate 90 - 97 - (1 + -3).
-5
Evaluate 5 + 3 + -4 + -1 + 1.
4
Calculate 14 + -1 + -1 + -8.
4
Calculate -1 + (10 + -8 - (-2 + 1)).
2
Calculate -4 + (-4 - -4 - -6).
2
What is 2 - ((10 - 8) + -6)?
6
What is -6 - 0 - (1 - (1 - -3))?
-3
5 - -2 - (-2 - (-2 + -3))
4
-13 + (-10 - -28) + -4
1
What is the value of 8 + -1 - ((0 - 1) + 4)?
4
-2 + -4 - (34 - 35)
-5
Calculate (2 - (-6 + 13)) + 3.
-2
What is the value of 4 + -3 + -8 + (2 - 0)?
-5
Calculate (6 - 3) + (-6 - -6 - 13).
-10
Evaluate -3 + 1 + (0 - (-4 - -8)).
-6
What is the value of (2 - (-4 - 0)) + -3?
3
Calculate -3 - (-5 + (9 - 1)).
-6
What is the value of -7 + (-13 + 10 - -7)?
-3
Calculate -12 - -6 - (4 + -4).
-6
What is the value of -1 + -5 + -1 + -47 + 47?
-7
7 + 0 + (35 - 48)
-6
Evaluate (-9 + 9 - (1 - 3)) + 1.
3
Calculate (6 - 1) + 17 + -20.
2
What is the value of 6 - 5 - (-8 + 9)?
0
What is (-1 - -2) + (-2 - -6)?
5